when 884466 is divided by 221008.
434
What is the remainder when 283284 is divided by 139017?
5250
Calculate the remainder when 446802 is divided by 587.
95
What is the remainder when 20861 is divided by 63?
8
What is the remainder when 14235 is divided by 2162?
1263
Calculate the remainder when 3654405 is divided by 2707.
2662
What is the remainder when 294057603 is divided by 385?
378
What is the remainder when 65224 is divided by 64885?
339
What is the remainder when 357365 is divided by 8715?
50
Calculate the remainder when 421638 is divided by 3311.
1141
Calculate the remainder when 3885728 is divided by 3578.
20
Calculate the remainder when 2010914 is divided by 38.
30
What is the remainder when 2275665 is divided by 17?
11
What is the remainder when 26480 is divided by 2403?
47
Calculate the remainder when 1336129 is divided by 1733.
1719
Calculate the remainder when 10587639 is divided by 894.
891
Calculate the remainder when 1535372 is divided by 95954.
108
What is the remainder when 364749 is divided by 2164?
1197
What is the remainder when 9638182 is divided by 292065?
37
Calculate the remainder when 114828586 is divided by 84.
82
Calculate the remainder when 233181 is divided by 58213.
329
What is the remainder when 513946 is divided by 374?
70
Calculate the remainder when 1221494 is divided by 174.
14
What is the remainder when 91695010 is divided by 3169?
3164
What is the remainder when 20473707 is divided by 786?
765
What is the remainder when 50154 is divided by 12528?
42
What is the remainder when 2648718 is divided by 1392?
1134
Calculate the remainder when 2379348 is divided by 484.
4
What is the remainder when 1387788 is divided by 462574?
66
What is the remainder when 42648 is divided by 11206?
9030
What is the remainder when 9957034 is divided by 1817?
1691
Calculate the remainder when 3528060 is divided by 61.
3
Calculate the remainder when 50408 is divided by 24951.
506
What is the remainder when 64363717 is divided by 6436368?
37
Calculate the remainder when 42953621 is divided by 53.
36
Calculate the remainder when 5317640 is divided by 202.
192
Calculate the remainder when 1843007 is divided by 30716.
47
What is the remainder when 3139877 is divided by 5925?
5552
What is the remainder when 180482 is divided by 678?
134
What is the remainder when 3543590 is divided by 71?
51
Calculate the remainder when 37554177 is divided by 12518059.
0
Calculate the remainder when 2649010 is divided by 64608.
82
What is the remainder when 254510 is divided by 1678?
1132
Calculate the remainder when 35932964 is divided by 13353.
41
What is the remainder when 2089445 is divided by 45419?
171
What is the remainder when 5657532 is divided by 1885810?
102
What is the remainder when 68871 is divided by 4725?
2721
Calculate the remainder when 1260132 is divided by 62.
44
Calculate the remainder when 40118 is divided by 6656.
182
Calculate the remainder when 572501 is divided by 226.
43
What is the remainder when 806007 is divided by 327?
279
What is the remainder when 23198965 is divided by 414267?
13
Calculate the remainder when 278314 is divided by 4292.
3626
What is the remainder when 121783 is divided by 982?
15
What is the remainder when 927359 is divided by 70?
69
Calculate the remainder when 111214 is divided by 22232.
54
Calculate the remainder when 927007 is divided by 1241.
1221
What is the remainder when 100969856 is divided by 9?
8
What is the remainder when 73708 is divided by 58?
48
Calculate the remainder when 79491 is divided by 39699.
93
Calculate the remainder when 6161385 is divided by 33.
21
What is the remainder when 36085265 is divided by 75?
65
Calculate the remainder when 761209 is divided by 533.
85
What is the remainder when 2283537 is divided by 305?
2
What is the remainder when 30429837 is divided by 2478?
2475
Calculate the remainder when 597666 is divided by 11275.
91
What is the remainder when 423146 is divided by 7555?
66
Calculate the remainder when 1363919 is divided by 454627.
38
Calculate the remainder when 95159256 is divided by 434.
416
Calculate the remainder when 421201 is divided by 271.
67
What is the remainder when 270308 is divided by 953?
609
Calculate the remainder when 81782348 is divided by 432.
428
Calculate the remainder when 6062610 is divided by 6062584.
26
What is the remainder when 18142508 is divided by 42890?
38
What is the remainder when 7773351 is divided by 136?
135
Calculate the remainder when 504938 is divided by 504938.
0
Calculate the remainder when 191926 is divided by 27387.
217
What is the remainder when 29136775 is divided by 20?
15
Calculate the remainder when 20949 is divided by 20940.
9
What is the remainder when 432574 is divided by 25436?
162
What is the remainder when 3010537 is divided by 241?
206
Calculate the remainder when 27599281 is divided by 26.
21
Calculate the remainder when 7294 is divided by 6967.
327
What is the remainder when 2343319 is divided by 31?
29
Calculate the remainder when 11741307 is divided by 10.
7
Calculate the remainder when 1416878 is divided by 251.
234
What is the remainder when 2739597 is divided by 1254?
861
What is the remainder when 182012 is divided by 4330?
152
What is the remainder when 1515 is divided by 1230?
285
Calculate the remainder when 37293 is divided by 283.
220
Calculate the remainder when 2181590 is divided by 236.
6
What is the remainder when 15189757 is divided by 246?
241
Calculate the remainder when 2922786402 is divided by 16533.
16530
Calculate the remainder when 32024 is divided by 135.
29
What is the remainder when 92270876 is divided by 2976?
2972
What is the remainder when 11058653 is divided by 1105865?
3
What is the remainder when 2011454 is divided by 2184?
2174
Calculate the remainder when 303608 is divided by 267.
29
What is the remainder when 66399 is divided by 9355?
914
Calculate the remainder when 2795818 is divided by 24.
10
What is the remainder when 2594156 is divided by 2248?
2212
Calculate the remainder when 14628 is divided by 4701.
525
What is the remainder when 18117462 is divided by 79?
76
What is the remainder when 136417 is divided by 295?
127
Calculate the remainder when 11685700 is divided by 697.
495
What is the remainder when 4245858 is divided by 1592?
1586
What is the remainder when 17380 is divided by 1745?
1675
What is the remainder when 1966344 is divided by 491583?
12
Calculate the remainder when 73232508 is divided by 1712.
1708
Calculate the remainder when 3270210 is divided by 12.
6
What is the remainder when 353331 is divided by 581?
83
Calculate the remainder when 76304881 is divided by 5.
1
Calculate the remainder when 24250307 is divided by 10.
7
What is the remainder when 14419849 is divided by 122202?
13
What is the remainder when 5807 is divided by 1413?
155
Calculate the remainder when 20317 is divided by 851.
744
Calculate the remainder when 4723276 is divided by 62977.
1
What is the remainder when 354248 is divided by 32?
8
Calculate the remainder when 1862858 is divided by 91.
88
Calculate the remainder when 175638 is divided by 87213.
1212
Calculate the remainder when 372664 is divided by 470.
424
What is the remainder when 1396376 is divided by 85?
81
What is the remainder when 2780661 is divided by 555895?
1186
What is the remainder when 5395141 is divided by 721?
619
What is the remainder when 68241 is divided by 68183?
58
Calculate the remainder when 2941760 is divided by 13311.
29
Calculate the remainder when 2251433 is divided by 72613.
430
Calculate the remainder when 51218 is divided by 148.
10
Calculate the remainder when 37425533 is divided by 28.
5
What is the remainder when 3918 is divided by 609?
264
Calculate the remainder when 1518304 is divided by 384.
352
What is the remainder when 43748302 is divided by 6672?
6670
What is the remainder when 25942 is divided by 7902?
2236
Calculate the remainder when 751824 is divided by 3146.
3076
What is the remainder when 518152 is divided by 222?
4
Calculate the remainder when 32031089 is divided by 35.
34
What is the remainder when 8250 is divided by 7239?
1011
Calculate the remainder when 193762 is divided by 48000.
1762
Calculate the remainder when 182757 is divided by 60905.
42
What is the remainder w